{"id":17,"date":"2023-05-09T13:33:04","date_gmt":"2023-05-09T13:33:04","guid":{"rendered":"https:\/\/laminierservice.ch\/?page_id=17"},"modified":"2023-05-09T13:34:57","modified_gmt":"2023-05-09T13:34:57","slug":"unsere-dienstleistungen","status":"publish","type":"page","link":"https:\/\/laminierservice.ch\/index.php\/unsere-dienstleistungen\/","title":{"rendered":"Unsere Dienstleistungen"},"content":{"rendered":"\n<p><strong>aufziehservice.ch <\/strong>sind Dienstleistung der Firma <a href=\"http:\/\/www.printolino.ch\">printolino<\/a> welche auch nicht Online-Kunden von printolino.ch zur Verf\u00fcgung steht.<\/p>\n\n\n\n<p><strong>Ihr Foto auf Forex oder Dibond<\/strong><\/p>\n\n\n\n<p>Sie m\u00f6chten Ihr Foto auf einer hochwertigen Hartschaumplatte erhalten? Dann empfehlen wir Ihnen Forex. Hierbei wird Ihr Foto auf eine sehr formstabile und dabei dennoch leichte Platte aufgezogen. Jedes Foto auf Forex erf\u00fcllt dank des Materials die Anforderungen f\u00fcr das B1-Brandschutzzertifikat. Wir empfehlen Forex daher vor allen Dingen Gesch\u00e4ftskunden, die ihr Foto auf Messen pr\u00e4sentieren m\u00f6chten. Viele private Kunden entscheiden sich alternativ, ihr Foto auf Dibond drucken zu lassen. Es handelt sich dabei um eine Aluminium-Verbund-Platte, die durch Formstabilit\u00e4t besticht. Als Tr\u00e4ger ist Dibond ideal f\u00fcr stilvolle Wohn- und Arbeitsr\u00e4ume.<\/p>\n\n\n\n<p>Um Ihr Foto optimal zu sch\u00fctzen, k\u00f6nnen Sie es zus\u00e4tzlich gl\u00e4nzend oder matt laminieren lassen. Durch das Laminat wirkt Ihr Foto noch hochwertiger. Zudem ist es vor Schmutz, Spritzwasser und Kratzer gesch\u00fctzt und UV-best\u00e4ndig.<\/p>\n\n\n\n<p>Es wird Zeit, Ihr Foto auf das passende Untergrundmaterial zu bringen und perfekt in Szene zu setzen. Bringen Sie Ihr Bild zum laminieren oder aufziehen vorbei.<\/p>\n\n\n\n<p>Lassen Sie noch heute Ihren Traum wahr werden und konzeptionieren Sie Ihr <a href=\"http:\/\/www.printolino.ch\/de\/kunstmarkt\">Bild<\/a> auf <a href=\"http:\/\/www.printolino.ch\">www.printolino.ch<\/a>.<\/p>\n","protected":false},"excerpt":{"rendered":"<p>aufziehservice.ch sind Dienstleistung der Firma printolino welche auch nicht Online-Kunden von printolino.ch zur Verf\u00fcgung steht. Ihr Foto auf Forex oder Dibond Sie m\u00f6chten Ihr Foto auf einer hochwertigen Hartschaumplatte erhalten? Dann empfehlen wir Ihnen Forex. Hierbei wird Ihr Foto auf &hellip; <a href=\"https:\/\/laminierservice.ch\/index.php\/unsere-dienstleistungen\/\">Weiter<\/a><\/p>\n","protected":false},"author":1,"featured_media":0,"parent":0,"menu_order":0,"comment_status":"closed","ping_status":"closed","template":"","meta":{"footnotes":""},"class_list":["post-17","page","type-page","status-publish","hentry"],"_links":{"self":[{"href":"https:\/\/laminierservice.ch\/index.php\/wp-json\/wp\/v2\/pages\/17","targetHints":{"allow":["GET"]}}],"collection":[{"href":"https:\/\/laminierservice.ch\/index.php\/wp-json\/wp\/v2\/pages"}],"about":[{"href":"https:\/\/laminierservice.ch\/index.php\/wp-json\/wp\/v2\/types\/page"}],"author":[{"embeddable":true,"href":"https:\/\/laminierservice.ch\/index.php\/wp-json\/wp\/v2\/users\/1"}],"replies":[{"embeddable":true,"href":"https:\/\/laminierservice.ch\/index.php\/wp-json\/wp\/v2\/comments?post=17"}],"version-history":[{"count":1,"href":"https:\/\/laminierservice.ch\/index.php\/wp-json\/wp\/v2\/pages\/17\/revisions"}],"predecessor-version":[{"id":18,"href":"https:\/\/laminierservice.ch\/index.php\/wp-json\/wp\/v2\/pages\/17\/revisions\/18"}],"wp:attachment":[{"href":"https:\/\/laminierservice.ch\/index.php\/wp-json\/wp\/v2\/media?parent=17"}],"curies":[{"name":"wp","href":"https:\/\/api.w.org\/{rel}","templated":true}]}}